hird derivative of -f**5/60 - f**4/3 + 4*f**3/3 - 3*f**2. What are the prime factors of g(y)?
3, 5
Let d be ((-2)/(-7))/((-1)/(-7)). Suppose 4*n - d = 30. List the prime factors of n.
2
Suppose 3*t + 4 = -2*l - 5, -5*t = 5*l + 25. Let m = 5 - l. What are the prime factors of m?
11
Let r = 46 + 35. What are the prime factors of r?
3
Let q(g) = g - 2. Let u be (8 - 9)*(-4 - 1). Let p be q(u). Suppose p*w - 40 = 5. List the prime factors of w.
3, 5
Suppose -4*s - 22 = 2*u, 3*u - s - 8 = -27. Let f = 20 - 38. Let y = u - f. List the prime factors of y.
11
Let v = -165 + 242. What are the prime factors of v?
7, 11
Let b = 29 - 10. List the prime factors of b.
19
Let d = -30 - -18. Let l be (-3*1)/(d/40). List the prime factors of (-2)/l + (-42)/(-10).
2
Let c be 0/(-4)*4/8. List the prime factors of (c - 23)/(6 - 7).
23
Suppose 11 = -x + 3*j, 4*x = -x - j + 25. Suppose 0 = 3*f + 5*q - 10, -4*f - x*q - 17 + 41 = 0. List the prime factors of f.
2, 5
Let p(q) = q + 19. List the prime factors of p(13).
2
Suppose -5*g + 642 = 2*j, g + 132 = j - 203. What are the prime factors of j?
331
Let o = -1 + 3. Suppose x + 35 = o*s - 1, 0 = -x. Let m = s + -13. List the prime factors of m.
5
Suppose -123 = -3*n - 3*t, -4*n = -3*n + 5*t - 25. What are the prime factors of n?
3, 5
Let c(n) = 13*n**3 + 2*n - 1. Let v = 3 + -2. Let b be v + 0 + 2 + -2. List the prime factors of c(b).
2, 7
Let n = -46 + 81. List the prime factors of n.
5, 7
Let j(t) = t**2 - 2. Let a = 6 - 3. List the prime factors of j(a).
7
Let u = 230 + -53. List the prime factors of u.
3, 59
Let o(p) = -p**3 - 7*p**2 + 8*p + 2. Let c be o(-8). Suppose c*i + 0*i - 22 = 0. What are the prime factors of i?
11
Let a = 6 + -8. Let n be (5/a)/((-6)/12). Suppose -3*s + n*s - 12 = 0. List the prime factors of s.
2, 3
Let a = 18 + -18. Suppose 3*q + 0*q - 30 = 0. Suppose a*u = -2*u + q. What are the prime factors of u?
5
Let g(t) = t**3 - 4*t**2 + 3*t + 3. Let s be g(3). Suppose 4*p - 6*h = -4*h + 144, 0 = s*h + 12. What are the prime factors of p?
2, 17
Suppose -3*r = 2*r + 10, 85 = v + 2*r. Let w = v + -53. List the prime factors of w.
2, 3
List the prime factors of ((-123)/6 - -4)/(6/(-8)).
2, 11
Suppose 3*g - 2*g = 40. Let i = g + 5. List the prime factors of i.
3, 5
Suppose 0 = -4*d - 2*n + 2, -d - 4*d = -3*n + 25. Let r be 111/d*12/9. List the prime factors of 4/(-10) - r/10.
7
Let g = -2 + 5. Suppose -6 - g = d. Let v = 19 + d. What are the prime factors of v?
2, 5
Let g be 1*(-3 + 0)/(-3). Suppose -2*p + 0*p = -4. Suppose 3*j + p*y = 16, -j + y + g = -11. List the prime factors of j.
2
Suppose 6*o + 117 = 1047. List the prime factors of o.
5, 31
Suppose 0 = -5*h + 3*h. Suppose 2*a + 2*x - 24 = -2*a, h = -2*a - 3*x + 8. What are the prime factors of a?
7
Suppose -2*k = k - 39. Let i = k - -3. What are the prime factors of i?
2
Suppose 5*m = 183 + 7. List the prime factors of m.
2, 19
Suppose 197 = 2*x - 43. List the prime factors of x.
2, 3, 5
Suppose 25 = 3*b - x, -b - 2*x + 0 = -13. What are the prime factors of b?
3
Let j(t) = t**3 + 11*t**2 + 7*t - 1. What are the prime factors of j(-10)?
29
Let r be ((-48)/(-10))/((-9)/(-60)). Suppose 3*t + 5*z = 8, -3*t + z + r = 2*t. What are the prime factors of (-3)/t + 22/4?
5
Suppose 11*h = 6*h + 10. Suppose l + 4*f = 53, 0 = 3*l + 4*f + f - 180. Suppose -k - 2*k + l = 5*r, h*r = 8. List the prime factors of k.
3, 5
Suppose 18 = -0*q + 2*q. Suppose 4*t + q = -4*w + 21, 2*t = 6. Suppose 6 = s - w. What are the prime factors of s?
2, 3
Suppose 0 = -4*c - 4*m + 1380, -4*c + 1644 = -4*m + 280. What are the prime factors of c?
7
Suppose 0 = -2*g + 3*q + 10, 4*g + 4*q = -q - 2. Suppose w - g*c + 3 = c, 34 = -4*w + c. Let m(f) = -f - 6. What are the prime factors of m(w)?
3
Suppose -2*l - l - 1 = -4*d, -2*l - 4 = -d. What are the prime factors of d + (-2*3)/(-1)?
2
Let q(l) = l**3 + 5*l**2 + 5*l + 6. Let m be q(-4). Suppose v = -2*t - 0 + 20, m*t + 3*v - 28 = 0. List the prime factors of t.
2
Suppose k + 10 = 3*u, -8 = -2*k - 2*k. Suppose w - 5*c = -u*w + 75, w + c - 19 = 0. What are the prime factors of w?
17
Let y(v) = -2*v + 7. Let i be y(7). Let z = 9 - i. List the prime factors of z.
2
Suppose -5*l = -2*l. Suppose l = -4*k + m + 18, 0*k + 4*m = k - 12. Suppose 12 = -b + k*b. List the prime factors of b.
2
Suppose 0 = -p - 2*c - 7, 0 = 2*c - 12 + 4. Let y = -11 - p. What are the prime factors of y?
2
Suppose -168 = 5*c - 2*c. List the prime factors of (18/(-7))/(12/c).
2, 3
Suppose 7*m = 4*m + 15. Suppose m*w - 2*w = 12. List the prime factors of w.
2
Let n be 0/1 - (1 - -20). Let s = 11 + n. Let g = s + 20. What are the prime factors of g?
2, 5
Suppose -4*l - 11 = -3*t, t - 2*l - 6 = -3. Suppose -t*i + 2*d = -0*d - 136, -2*d = 3*i - 88. List the prime factors of i.
2, 7
Let s = 5 + 6. Let a(t) = -t**2 + 11*t - 5. Let o be a(7). Let y = o - s. What are the prime factors of y?
2, 3
Let k be 0 + 2 - (6 + 5). Let b = -2 - k. What are the prime factors of b?
7
Suppose n + 8 = 2. Let o = -6 - n. Suppose o = -3*q + 18 + 33. What are the prime factors of q?
17
Let l(g) = -6*g + 2. Let u be l(-1). Suppose -4*m + 4 = -u. What are the prime factors of m?
3
Suppose 2*l = 3*l + 3*q - 9, 2*l = -3*q + 9. Suppose 3*a - 4 = a. Suppose -2*m - 6 + l = 5*p, a*m = 5*p + 34. List the prime factors of m.
7
Let b = -149 + 285. What are the prime factors of b?
2, 17
Let n = 6 - 4. Suppose n*i - 12 = -2*i. Suppose 3*m = -2*m + i*p + 80, 5*p = 0. What are the prime factors of m?
2
Let u be ((-31)/5)/(9/(-45)). Let f = -11 + u. What are the prime factors of f?
2, 5
Suppose -20 = -2*b + b. Suppose 0 = -4*h + 8*h - b. What are the prime factors of h?
5
Let w(p) = p + 1. Let f(o) = o**2 + o + 8. Let s(q) = -f(q) + 6*w(q). List the prime factors of s(2).
2
Let l(c) = 16 - 8 + 16*c + 19 + c**2 - 3. List the prime factors of l(-17).
41
Suppose 0 = -o - 3*o + 1712. Suppose 2*y + o = 6*y. Suppose 5*a + 5*p - 2*p = y, 4*a + 5*p = 96. What are the prime factors of a?
19
Suppose 5*a = 79 + 26. Suppose 3*b + 26 = -5*h - 34, 4*h - 3*b = -a. Let t = h + 17. What are the prime factors of t?
2
Suppose -6 = -3*b + b. Suppose h + 14 = b*h. Suppose h*q - 48 = 3*q. What are the prime factors of q?
2, 3
Let o = -20 + 28. Suppose -5*w + w = -o. Suppose 36 = 5*t + w*p, 4*p - 30 = -3*t - 0. List the prime factors of t.
2, 3
Let j(k) = -3*k**2 + k**3 + 3*k**2 + k**2 + 1 - 2*k**2 - k. Let f be j(2). Suppose 0 = f*g - 3*r + 4*r - 42, 6 = -2*r. List the prime factors of g.
3, 5
Suppose v - 7 = -v - 3*n, 2*v = -2*n + 6. Suppose -v*t + 0*t - f + 22 = 0, 3*t = 2*f + 19. Suppose -23 = -2*m + t. What are the prime factors of m?
2
Suppose -p - o + 44 = 2*o, -87 = -2*p - 5*o. What are the prime factors of p?
41
What are the prime factors of ((-3)/(-5))/(15/1725)?
3, 23
Let d(o) be the first derivative of o**3/3 + 9*o**2/2 + 9*o + 2. Let n be d(-8). List the prime factors of (n + -19)*4/(-8).
3
Let n(a) = 11*a - 15. What are the prime factors of n(10)?
5, 19
Let b(p) = p**3 - 3*p**2 + 4*p - 2. Let q be b(2). Let r = 21 - 17. Suppose -14 = -q*g - c, -r*g + 37 = -4*c - 15. What are the prime factors of g?
3
Let w = 236 - -20. List the prime factors of w.
2
Let j = -208 + 405. What are the prime factors of j?
197
Let y(b) = -15*b + 2. Let d be y(-2). Suppose -a + 5*a - d = 0. Suppose 0 = -5*x - 2*o, -2*o - a = 2*x - x. List the prime factors of x.
2
Let h(l) = 2*l**2 - l + 6. Let d(c) = 5. Let y(n) = -9. Let o(f) = 7*d(f) + 4*y(f). Let t(z) = h(z) + 6*o(z). What are the prime factors of t(-1)?
3
Let y be (3*-24)/(-1 - 0). Suppose -y = -2*q - 5*b, -3*q - b + 142 = -2*b. What are the prime factors of q?
2, 23
Let i be (0 - -2) + 1 + -1. Suppose 3*k - 4*k = -i. What are the prime factors of k?
2
Suppose -2 = 2*g - 3*g. Let r(a) = -20 + 3*a + g*a**3 + 18 - 4*a**2 + 0*a**3. What are the prime factors of r(2)?
2
Suppose -6*f = -f - 275. What are the prime factors of f?
5, 11
Suppose 2*n - 2 = 2*x, 2*n + x - 3 = 2*x. Let i(g) = 4*g**2 - 4*g + 2. Let s be i(n). Suppose -y = -2*y + s. What are the prime factors of y?
2, 5
Let i = 411 + -246. What are the prime factors of i?
3, 5, 11
Suppose -3*k - 5*l - 4 = 0, -3*l - 6 + 0 = 0. List the prime factors of ((-3)/k)/((-24)/112).
7
Suppose -3*a + a + 12 = 0. Let y(j) = -j**3 + 7*j*